2*z**2 - 2*z + 0*z**2 + 2. Let t(m) = 2*h(m) + 3*x(m). What is t(-1)?
1
Let c(r) = -3*r - 1. Let z be c(-1). Let n(x) = -5*x**2 + 8*x**2 - 2*x + z - x**3 - x. Let l(f) = -f - 4. Let o be l(-6). Give n(o).
0
Let h(f) = -f**2 - 5*f + 4. Let u(z) = -2*z**2 - 5*z + 3. Let p(j) = 3*h(j) - 2*u(j). Suppose 25 = 8*d - 3*d. Suppose 0*x = -x + d. Give p(x).
6
Let r(k) = -k. Let w = 8 - 7. Give r(w).
-1
Let m(z) = 3*z + 7 + 10 - 4*z - 18 + 6*z**3. Determine m(-1).
-6
Let h(m) = 5*m**3 - 35*m**2 + 14*m + 14. Let n(i) = -i**3 + 7*i**2 - 3*i - 3. Let d(w) = 2*h(w) + 11*n(w). Calculate d(6).
1
Let q be 0/(-2 + 1)*1. Let i(k) be the third derivative of -1/20*k**5 - 2*k**2 + 1/2*k**3 + 0*k + q - 5/24*k**4 + 1/120*k**6. Determine i(4).
-1
Let r(y) = y - 9. Let f be r(9). Suppose f = 2*c - 3*c + 6. Suppose -3*p - 2*w + 17 = 0, 2*w + 24 = 4*p + c*w. Let g(t) = -t**3 + 5*t**2 - t. Give g(p).
-5
Let i(d) = 2*d + 6. Let q be i(10). Let s(w) = -q*w**2 + 26*w**2 - 4*w + 2*w**3 - 3. Determine s(-2).
-11
Suppose 8 = 5*s - s. Let i(k) = 2*k**2 + 2*k + 5. Let u(r) = r**2 + r + 3. Let l(p) = 4*i(p) - 7*u(p). What is l(s)?
5
Suppose 4*k = 1 + 7. Let f(d) be the second derivative of k*d - d**2 - 1/6*d**3 + 0. Determine f(-3).
1
Let p(y) = 3*y + 3. Let r(j) = j + 11. Let h be r(-8). Let g be h - (-1 + -2 - -8). What is p(g)?
-3
Suppose 2*h - 3*p = -8, -4*p + 0*p + 24 = 4*h. Let f(c) = c**2 - 3*c. Give f(h).
-2
Let k(j) = -j**2 - 6*j + 5. Let u be k(-6). Let i(n) = -n**2 - n - 1. Let t(r) = -r**2 - 2*r - 2. Let q(z) = -5*i(z) + 4*t(z). What is q(u)?
7
Let d(i) = 10*i**2 + 21*i - 31. Let h(g) = 3*g**2 + 7*g - 10. Let z(t) = -2*d(t) + 7*h(t). Give z(-8).
0
Let s(a) = 7*a**3 + 2*a**2 - 11*a - 7. Let z(r) = -13*r**3 - 3*r**2 + 21*r + 13. Let j(q) = -11*s(q) - 6*z(q). Give j(5).
-1
Let t(n) be the first derivative of -n**2/2 - 3*n - 34. Determine t(5).
-8
Let m(n) = 2*n + 0*n**2 - 3 - n**2 - n. Determine m(0).
-3
Suppose 7*u - 15 = 2*u. Let v(j) = 4*j**2 - 1 - 3*j**2 - 8*j**3 - u*j**3. What is v(1)?
-11
Let n(w) = -w**2 - 5*w - 1. Let t = -15 - -8. Calculate n(t).
-15
Let d(t) = -t + 1. Let n(m) = -m**3 + m**2 + 2. Let u(v) = -d(v) + n(v). Calculate u(-2).
11
Let j be ((-4)/(-6))/(-1)*6. Let r(s) = -s**2 - 5*s - 2. Determine r(j).
2
Suppose -3*r = 4*w + r - 4, 0 = w + 3*r - 1. Suppose -1 = s + w. Let o(i) = 3*i. Determine o(s).
-6
Let c(y) be the first derivative of -y**4/4 - y**3/3 - y + 1. Let w(p) = -p**3 + p**2 - p + 1. Let l(v) = c(v) - 2*w(v). Let b be (-14)/4*24/(-42). Give l(b).
-3
Suppose 5*u + 5 = 25. Let v(g) be the first derivative of -g - 5 - 1/4*g**4 - 2*g**2 + 5/3*g**3. What is v(u)?
-1
Let s(i) be the first derivative of i**2 + 3*i - 6. Calculate s(3).
9
Let r(x) = -x**3 + 6*x**2 - x + 8. Suppose 52 + 86 = 6*z. Suppose 0 = 4*w - 1 - z. Give r(w).
2
Let s = 1 + -2. Let j = -10 + s. Let l = 15 + j. Let m(g) = -g**3 + 4*g**2 - g + 2. Determine m(l).
-2
Let i(n) be the third derivative of -n**5/60 - 5*n**4/24 + n**3/6 + n**2. Let z be 3/(-4) - 2/8. Let s be (z - 0)/(3/15). Determine i(s).
1
Let c be 1 - (-1 + (1 - 1)). Suppose -4*k = p + 17, -14 = 2*k + c*p - 4. Let m(x) = x**2 + 3*x. Let t(g) = -g**2 - 3*g. Let i(d) = 4*m(d) + 3*t(d). Give i(k).
4
Let t = 19 + -17. Let w(s) be the first derivative of 2 - 1/4*s**4 - t*s**3 - 5/2*s**2 - 7*s. Give w(-5).
-7
Let u(l) be the third derivative of l**4/24 - l**3/3 + l**2. Let p be -2*((-9)/2 - -3). Suppose -6*g = -p*g + 12. Give u(g).
-6
Let m(u) = u**2 - u + 2. Suppose 0 = -3*x - 9, 4*x + 2 = 5*b - 0. Let a be b*(3 - 2) - -2. What is m(a)?
2
Let u(b) = b**2 + 6*b + 2. Let v be u(-6). Let j = -2 - v. Let c = -1 - j. Let p(m) = 3*m - 4. Give p(c).
5
Let b(v) = 5*v**2 - 9*v - 3. Let x(f) = 7*f**2 - 14*f - 5. Let g(s) = 8*b(s) - 5*x(s). What is g(1)?
4
Let m(z) = 133 - z**2 + 2*z - 136 + 7*z**2. Determine m(2).
25
Let h(p) be the third derivative of 1/60*p**5 + 4/3*p**3 + 0*p**4 - p**2 + 0*p + 0. What is h(0)?
8
Let b(f) = -4*f - 4. Let p be (-4)/10 - 247/95. What is b(p)?
8
Let a be 5/1 - (-3 - -5). Let w(g) be the third derivative of -g**6/120 + g**5/15 - g**3/2 - 12*g**2. Give w(a).
6
Suppose 3*g - 6 + 0 = 0. Suppose -3 = 2*r - 7. Let b(m) = 1 + 2*m**2 + m + m**3 - r*m**2 - m**2. Give b(g).
7
Let r(c) be the first derivative of c**6/360 - c**5/30 - c**3/3 - 1. Let v(y) be the third derivative of r(y). Suppose k - 3 = 2. What is v(k)?
5
Let i(l) be the first derivative of 1/3*l**3 - l + 2 + 1/12*l**4 + 1/2*l**2. Let x(q) be the first derivative of i(q). Calculate x(-3).
4
Suppose 6*a + w - 9 = 3*a, 3*a - 3 = -3*w. Let g(t) = -t**3 + 3*t**2 + 3*t + 3. Calculate g(a).
-1
Let v = 8 - 11. Let x(f) = f**3 - 2*f**2 - 3*f. Let a be x(3). Let m(y) = 4*y**2 + 3*y + 1 + a*y**3 - 2*y + y**3. Calculate m(v).
7
Let j(v) be the first derivative of v + 1 - 1/2*v**2. Suppose -5*h = -4*h. What is j(h)?
1
Let t(i) = -60*i**2 + 5*i + 61*i**2 - 9 + 5*i. Let b be t(-11). Let m(p) = -p**3 + 4*p**2 - 4*p + 3. Give m(b).
3
Let q = 3 - 0. Suppose q*w - 20 = 5*l + 10, 3*w - 18 = l. Let a(m) = m**2 - 4. Calculate a(l).
5
Let v(d) = d + 164*d**3 - 163*d**3 + 0 + 5. Determine v(0).
5
Let w(q) = q + 1. Let i = -4 - -4. Let l(n) = -n**2 - 5. Let f be l(i). Give w(f).
-4
Let z(s) = -s**3 - 12*s**2 - s + 9. Let t(b) = b**3 + 11*b**2 + b - 8. Let l(a) = -7*t(a) - 6*z(a). Give l(-2).
-8
Let k(n) = 3*n + 2*n - n + 2*n**2 + 2 - 3*n**2. Give k(5).
-3
Let v(w) be the third derivative of -w**4/24 + w**3/6 - 44*w**2. Determine v(1).
0
Let a(o) = 9*o**3 + 17*o**2 + 4. Let q(j) = -5*j**3 - 9*j**2 - 2. Suppose 5*w = -f + 3*f - 65, -4*w + 4*f = 64. Let l(c) = w*q(c) - 6*a(c). What is l(3)?
-2
Let w be (-1 - -2)*(-1 - -12). Suppose 0 = 2*a - w + 3. Let k(s) = 7*s - 4 + 3*s**2 - 4*s**2 - 2. Calculate k(a).
6
Suppose -13 - 12 = -5*f. Let g(i) = -i**3 + 2*i**3 - i + 1 - f*i**3 + 5*i**3 + 2*i**2. Give g(-2).
3
Suppose -3*d - 7 + 28 = 0. Let o(b) = -2*b - d*b - 3*b + 2*b. Calculate o(-1).
10
Let d = 1 - -4. Let l(z) = d*z - 3*z - z. Give l(2).
2
Let o(l) = -8*l**3 + 2*l**2 + 2*l + 1. Let y = 1 - 7. Let m = y - -5. Give o(m).
9
Suppose -q + 18 = 3*q - 2*j, -3*j = 4*q - 3. Let a(y) = 3*y - y - 3*y**2 + 0*y**3 + 2 + y**q. Let v be -2*(-4 + 2)/2. Determine a(v).
2
Let h(s) = 2*s**2 + 3*s + 1. Let c be h(-2). Let d(b) = -b**2 - 3*b + 2. Give d(c).
-16
Let i be 2 + (-20)/8 - 33/(-6). Let n(z) = -11*z + 14. Let h(t) = -7*t + 9. Let k(o) = 8*h(o) - 5*n(o). Determine k(i).
-3
Let t = -102 + 96. Let g(z) = z**3 + 6*z**2 + 7. Determine g(t).
7
Let s(w) = -w**2 - 2*w + 1. Suppose k = -4*n + 72, -5*n = 2*k - 53 - 40. Suppose -3*t - 4 = -4*u, -5*t - n = -2*u - 1. What is s(u)?
1
Let z(t) = -5*t**2 - 2*t - t + 4*t - 3*t + 1. Calculate z(1).
-6
Let g(f) = -12 - 9*f**2 + 2*f - 21 + 37 - f**3. What is g(-9)?
-14
Let w = 19 + -34. Let g be 1*(0 + w/(-3)). Let r(k) = -4*k + g*k - 2 + 5. Calculate r(-4).
-1
Let z be 284/10 - 6/15. Suppose -2*u + 8 = 5*t, -5*u + z - 8 = 3*t. Let s be -3*5/((-15)/u). Let l(f) = 2*f + 1. Calculate l(s).
9
Let u(g) = 4*g - 7. Let l(x) = -4*x + 6. Let t(w) = -5*l(w) - 4*u(w). Determine t(4).
14
Suppose 3*i - 12 = 0, -45 = -3*l - 5*i - 16. Let f(j) = -l*j + 3 + 11*j - 4*j - 5*j. Give f(0).
3
Let c(q) = -4*q - 1. Let o = -4 + 3. Let f be c(o). Let t(n) = -n + 2. Give t(f).
-1
Let t be (-4)/(-1) + -6 + 2. Let q(z) be the second derivative of t + 1/6*z**4 - 1/20*z**5 - 1/2*z**2 + 0*z**3 - 3*z. Determine q(3).
-10
Let s(a) = -a**2 + a - 6. Let y(z) = 3*z**2 - 3*z + 17. Let m(n) = -11*s(n) - 4*y(n). Suppose -1 - 1 = l. Calculate m(l).
-8
Let t(g) = 2*g - 3. Let x = -25 + 22. Determine t(x).
-9
Let f = -8 + 15. Let a(i) = i**3 - 8*i**2 + 11*i - 5. Give a(f).
23
Suppose -3*l + 0 - 9 = 0. Let m(h) = -h. Let c be m(l). Suppose -c*k = 2*k + 25. Let w(a) = a**2 + 4*a + 6. Give w(k).
11
Let i(w) = -w**2 + 12*w - 11. Let s(r) = r - 1. Let u(y) = i(y) - 4*s(y). Calculate u(6).
5
Let c(k) = -k**2 + k. Let y(t) = -t**3 - 7*t**2 - 7*t. Let f be y(-6). Let i be 2/4*f/3. Determine c(i).
0
Let o(g) = g**2 - 4*g + 6. Let l be o(4). Let r(h) = -2*h + 6. Let u be r(l). Let w(z) = z**3 + 5*z**2 - 5*z - 3. Calculate w(u).
-9
Let i = 9 + -13. Let t(z) = z**3 + 3*z**2 + 3. Determine t(i).
-13
Let m(v) = -v**2 - 3*v - 1. Suppose 5*g = 2*z - 19, g - 5*z = 8 + 2. What is m(g)?
-11
Let v(w) = 2*w